What is the thousands digit of 1530?
1
What is the tens digit of 2368?
6
What is the hundreds digit of 4392?
3
What is the tens digit of 5599?
9
What is the tens digit of 665?
6
What is the hundreds digit of 1430?
4
What is the units digit of 7291?
1
What is the thousands digit of 1321?
1
What is the hundred thousands digit of 111336?
1
What is the hundreds digit of 260?
2
What is the units digit of 4681?
1
What is the tens digit of 1332?
3
What is the units digit of 71237?
7
What is the hundreds digit of 53071?
0
What is the tens digit of 71213?
1
What is the units digit of 7049?
9
What is the units digit of 13489?
9
What is the tens digit of 959?
5
What is the thousands digit of 5033?
5
What is the units digit of 1043?
3
What is the hundreds digit of 890?
8
What is the units digit of 1286?
6
What is the hundreds digit of 12770?
7
What is the units digit of 2010?
0
What is the units digit of 7024?
4
What is the units digit of 43?
3
What is the units digit of 1015?
5
What is the ten thousands digit of 25904?
2
What is the units digit of 6562?
2
What is the tens digit of 4451?
5
What is the ten thousands digit of 12767?
1
What is the tens digit of 43146?
4
What is the thousands digit of 23016?
3
What is the hundreds digit of 1657?
6
What is the thousands digit of 2785?
2
What is the hundreds digit of 40464?
4
What is the thousands digit of 22199?
2
What is the hundreds digit of 2923?
9
What is the hundreds digit of 3143?
1
What is the tens digit of 170?
7
What is the ten thousands digit of 22112?
2
What is the hundreds digit of 5051?
0
What is the units digit of 3441?
1
What is the units digit of 5312?
2
What is the ten thousands digit of 39764?
3
What is the units digit of 1083?
3
What is the hundreds digit of 55292?
2
What is the hundreds digit of 29845?
8
What is the hundreds digit of 574?
5
What is the tens digit of 73420?
2
What is the hundreds digit of 525?
5
What is the hundreds digit of 1592?
5
What is the thousands digit of 5095?
5
What is the tens digit of 5081?
8
What is the ten thousands digit of 27221?
2
What is the thousands digit of 41114?
1
What is the tens digit of 933?
3
What is the tens digit of 396?
9
What is the tens digit of 400?
0
What is the thousands digit of 3005?
3
What is the hundreds digit of 2803?
8
What is the units digit of 48?
8
What is the thousands digit of 19374?
9
What is the tens digit of 81?
8
What is the hundreds digit of 17068?
0
What is the hundreds digit of 355?
3
What is the hundreds digit of 3106?
1
What is the units digit of 21138?
8
What is the tens digit of 1851?
5
What is the thousands digit of 15717?
5
What is the hundreds digit of 4400?
4
What is the tens digit of 62836?
3
What is the hundreds digit of 4843?
8
What is the units digit of 5513?
3
What is the units digit of 2200?
0
What is the hundreds digit of 1134?
1
What is the thousands digit of 3010?
3
What is the units digit of 1959?
9
What is the units digit of 2924?
4
What is the thousands digit of 95650?
5
What is the ten thousands digit of 14385?
1
What is the units digit of 766?
6
What is the hundreds digit of 5685?
6
What is the hundreds digit of 4110?
1
What is the ten thousands digit of 184926?
8
What is the ten thousands digit of 22900?
2
What is the units digit of 15335?
5
What is the units digit of 5547?
7
What is the units digit of 119?
9
What is the hundreds digit of 15172?
1
What is the units digit of 1962?
2
What is the units digit of 1162?
2
What is the tens digit of 9326?
2
What is the hundreds digit of 6162?
1
What is the hundreds digit of 25675?
6
What is the units digit of 53690?
0
What is the hundreds digit of 8061?
0
What is the hundreds digit of 1754?
7
What is the tens digit of 6380?
8
What is the hundred thousands digit of 105194?
1
What is the tens digit of 351?
5
What is the hundreds digit of 26015?
0
What is the tens digit of 854?
5
What is the tens digit of 7893?
9
What is the hundreds digit of 1769?
7
What is the units digit of 57069?
9
What is the hundreds digit of 1321?
3
What is the hundreds digit of 1117?
1
What is the units digit of 12910?
0
What is the tens digit of 1765?
6
What is the tens digit of 16571?
7
What is the units digit of 6882?
2
What is the tens digit of 647?
4
What is the ten thousands digit of 11964?
1
What is the tens digit of 4055?
5
What is the units digit of 4638?
8
What is the hundreds digit of 980?
9
What is the thousands digit of 62353?
2
What is the units digit of 3915?
5
What is the ten thousands digit of 152497?
5
What is the tens digit of 8915?
1
What is the thousands digit of 34406?
4
What is the thousands digit of 1169?
1
What is the units digit of 508?
8
What is the hundreds digit of 286?
2
What is the tens digit of 997?
9
What is the units digit of 10351?
1
What is the thousands digit of 5337?
5
What is the hundreds digit of 10943?
9
What is the units digit of 14634?
4
What is the thousands digit of 34467?
4
What is the tens digit of 44895?
9
What is the hundreds digit of 730?
7
What is the ten thousands digit of 45799?
4
What is the thousands digit of 10631?
0
What is the tens digit of 3803?
0
What is the hundred thousands digit of 108475?
1
What is the thousands digit of 1592?
1
What is the hundreds digit of 10505?
5
What is the units digit of 39963?
3
What is the hundreds digit of 9253?
2
What is the tens digit of 696?
9
What is the thousands digit of 35926?
5
What is the tens digit of 722?
2
What is the ten thousands digit of 52751?
5
What is the units digit of 18797?
7
What is the hundreds digit of 7694?
6
What is the hundreds digit of 28360?
3
What is the tens digit of 106?
0
What is the thousands digit of 1856?
1
What is the units digit of 1511?
1
What is the hundreds digit of 30115?
1
What is the ten thousands digit of 44180?
4
What is the units digit of 27521?
1
What is the thousands digit of 34548?
4
What is the hundreds digit of 552?
5
What is the tens digit of 10785?
8
What is the thousands digit of 8591?
8
What is the units digit of 110340?
0
What is the hundreds digit of 1408?
4
What is the hundreds digit of 1011?
0
What is the units digit of 12223?
3
What is the tens digit of 148?
4
What is the ten thousands digit of 73968?
7
What is the units digit of 765?
5
What is the tens digit of 23736?
3
What is the hundreds digit of 2680?
6
What is the tens digit of 5195?
9
What is the hundreds digit of 2023?
0
What is the ten thousands digit of 134934?
3
What is the thousands digit of 8171?
8
What is the hundreds digit of 66020?
0
What is the units digit of 40491?
1
What is the hundreds digit of 1968?
9
What is the thousands digit of 77433?
7
What is the tens digit of 7183?
8
What is the units digit of 35?
5
What is the tens digit of 13023?
2
What is the units digit of 5354?
4
What is the thousands digit of 3421?
3
What is the thousands digit of 8657?
8
What is the tens digit of 8633?
3
What is the thousands digit of 22120?
2
What is the thousands digit of 1353?
1
What is the units digit of 26018?
8
What is the tens digit of 1187?
8
What is the units digit of 1907?
7
What is the units digit of 11219?
9
What is the units digit of 2397?
7
What is the hundreds digit of 3559?
5
What is the tens digit of 85?
8
What is the thousands digit of 25932?
5
What is the tens digit of 75452?
5
What is the tens digit of 3615?
1
What is the units digit of 6629?
9
What is the units digit of 508?
8
What is the hundreds digit of 797?
7
What is the hundreds digit of 13358?
3
What is the tens digit of 6059?
5
What is the hundreds digit of 14696?
6
What is the hundreds digit of 1336?
3
What is the tens digit of 9082?
8
What is the ten thousands digit of 37153?
3
What is the tens digit of 6332?
3
What is the tens digit of 939?
3
What is the thousands digit of 3291?
3
What is the units digit of 5724?
4
What is the thousands digit of 5458?
5
What is the hundreds digit of 63666?
6
What is the tens digit of 52656?
5
What is the hundreds digit of 1441?
4
What is the units digit of 598?
8
What is the tens digit of 820?
2
What is the hundreds digit of 17443?
4
What is the tens digit of 69246?
4
What is the ten thousands digit of 89158?
8
What is the ten thousands digit of 48119?
4
What is the tens digit of 22971?
7
What is the units digit of 1260?
0
What is the tens digit of 11125?
2
What is the